 - 81. Is b prime?
False
Let o(m) = 2*m**3 - m**2 - m. Let y be o(-1). Is (-92)/(-8)*(-4)/y a prime number?
True
Suppose -3*f + f = -2*k - 50, -91 = -4*f - 5*k. Suppose 0 = g - 3*g + f. Let w = -5 + g. Is w a composite number?
False
Let b(u) = u - 9. Let x be b(9). Let r be x/((0 - 5) + 3). Is 2/(r + -4)*-154 a composite number?
True
Suppose -5*p = m - 131, 5*p + 545 = 5*m + 40. Is m a prime number?
False
Suppose 6*f - 301 = 5*f. Is f prime?
False
Suppose -v + 2*v - 13 = 2*s, s + 14 = 2*v. Suppose v*k + 4*h - 690 = 959, -4*k + 2*h = -1314. Is k composite?
True
Is (-2)/17 + 30816/102 prime?
False
Let y be (-58)/8 + 21/(-28). Let g be 1114/10 - y/(-20). Let w = g + -62. Is w a composite number?
True
Suppose 2790 = 3*r - r - 4*g, -5570 = -4*r + 3*g. Is r prime?
False
Let p(d) = -d**2 - 1. Let q be p(0). Is (q - 0)/((-2)/1594) a prime number?
True
Let n(g) = g**2 + 3*g + 2. Let f be n(-2). Suppose -w + 3*s + 181 = f, -4*s + 3 = -1. Suppose 5*l - 125 = -2*o + 44, -w = -2*o - 2*l. Is o a prime number?
True
Let u(n) = n**2 - 6. Suppose -4*o + 4*m = -3*o + 1, 0 = 5*m + 5. Is u(o) a prime number?
True
Suppose 2*x = -x - 48. Is -171*(-3 + x/(-6)) a prime number?
False
Suppose g + 34 = 2*c + 151, 0 = 4*g - c - 475. Is g prime?
False
Suppose -6*h + 24 = -2*h + 4*a, 4*h - 4*a - 24 = 0. Let w = h - 1. Suppose 0 = -s + w*s - 76. Is s composite?
False
Let a(s) = 13*s**2 - s + 4. Let y be a(-7). Suppose 0*f = -4*f + y. Suppose 4*t = 1030 - f. Is t a composite number?
True
Suppose -2*r + 3 = -r. Suppose 186 = r*z - 369. Is z a composite number?
True
Let w = -531 + 1084. Is w prime?
False
Suppose 3*x - 4837 - 5232 = 5*o, 0 = 2*x + o - 6704. Is x composite?
True
Suppose -l + 5*v + 522 = 0, -4*l + l + v + 1510 = 0. Is l composite?
True
Let h(b) = 64*b**2 - 4*b + 5. Is h(2) a composite number?
True
Let w = -1 + 5. Let i(n) = -21*n - 2 - 1 + 5 + w*n. Is i(-3) a prime number?
True
Suppose 3*h + 475 = -2*z, 2*z - 83 - 237 = 2*h. Let x = 4 - h. Suppose 0 = -2*b + 5*l + x, b = 2*l - 3*l + 92. Is b a prime number?
True
Suppose r - 671 = -5*c, -4*c = c - 5*r - 665. Is c prime?
False
Let p(s) = -3*s**2 + 5*s + 7. Suppose t = 2*o - 1, -6 = 3*o - t - 3*t. Let c(q) = -12*q**2 + 19*q + 28. Let k(n) = o*c(n) - 9*p(n). Is k(6) a prime number?
True
Let q(u) = u**2 + 6*u + 8. Is q(-21) composite?
True
Let f = 5 - 4. Let q(p) = p + 6*p**2 + 0 + f + 5*p**2. Is q(-1) a composite number?
False
Let y(w) = w**3 - 4*w**2 + 3*w - 5. Let m be y(4). Suppose 3*i + 388 = m*i. Is i prime?
True
Let q(p) be the second derivative of -17*p**3/2 - 2*p**2 - 3*p. Is q(-3) a composite number?
False
Is 1033 + 6 - 6/(-2) a prime number?
False
Let t(s) = 6*s + 31. Is t(18) a prime number?
True
Suppose 6*j = -j + 2737. Is j a composite number?
True
Let j(a) = -3*a**3 + 2*a**2 + a. Let n be j(-1). Let y(p) = p - 2. Let x be y(n). Suppose 4*z = 3*i - 53 + 195, -82 = -x*z - 4*i. Is z a prime number?
True
Let m = -1231 - 75. Let g = 1983 + m. Is g prime?
True
Let j be -2*((-390)/3)/1. Suppose 0*c - j = -4*c. Is c composite?
True
Suppose -4*x = -0*x - 8. Let a be 2*-3*4/(-6). Suppose 3*d - 117 = -x*t, 0*t + a*d + 281 = 5*t. Is t composite?
True
Suppose 2*l = 4*l - 382. Is l a composite number?
False
Let a be 2/4 + (-49)/(-14). Suppose 0 = 3*d + a*x - 77, -x + 0*x = 4*d - 81. Is d a composite number?
False
Is -3*(-1)/3 + 37 a composite number?
True
Let p = -3493 - -6762. Is p prime?
False
Let t = -648 + 955. Is t prime?
True
Let q(b) = b**2 - 1. Let m(h) = -7*h**2 - 8*h + 4. Let l(d) = m(d) + 5*q(d). Let f be l(6). Let i = -56 - f. Is i composite?
True
Let k = 35 - 39. Let a(s) = -s**3 + 3*s**2 - 6*s - 6. Let l be a(6). Is 2/(-4) + l/k a prime number?
True
Suppose 0*a - 338 = -4*y + 2*a, -165 = -2*y + 5*a. Is y a prime number?
False
Is 1 - -4911 - (13 - 10) prime?
True
Let g be 2*-2 + -1 + 0. Let t = g + 8. Suppose -t*q - 165 = -6*q. Is q prime?
False
Let x be (-5)/(-5) - (-1 + 4). Is x/7 - 675/(-35) prime?
True
Let b(w) = w + 4. Let d be b(-6). Let c = 4 + d. Suppose -c*y - 8 = -146. Is y composite?
True
Let v = -1023 + 664. Let p = v + 609. Suppose f + 222 = 4*y - f, -5*y - 3*f = -p. Is y prime?
True
Let x = 437 - 175. Is x composite?
True
Let v(a) = 5*a**3 + 3*a**2 + a - 8. Let z(t) = 6*t**3 + 4*t**2 + 2*t - 9. Let q(m) = 5*v(m) - 4*z(m). Let u be q(3). Suppose -u*l + 425 = -0*l. Is l composite?
True
Let h be -3 - -4 - (-1 - 0). Is h + 22 - (-1 - -4) a composite number?
True
Let w(u) = -u**2 - 9*u - 8. Let z be w(-6). Suppose -v + 128 = z. Is v a prime number?
False
Suppose -q = 3*q - 1052. Is q prime?
True
Let k(t) = 55*t**2 + t + 1. Let j be 20/15*(-9)/(-6). Is k(j) prime?
True
Suppose -h - 4*c = -1669, -3*h + 2*c = -0*h - 4965. Is h composite?
False
Suppose 7 = -4*d + 51. Suppose -5*s = -4*u - d, 5*s - 7 = -0*s + 3*u. Is (-1)/(s/154*2) composite?
True
Let r = -185 + 594. Suppose 0 = -4*z + 5*z - r. Is z a prime number?
True
Suppose 0 = -5*q + 20. Suppose q = 4*w - 4. Is w a prime number?
True
Suppose -g + 250 = -66. Suppose 2*a - g = -50. Is a a prime number?
False
Let d = -17 - -22. Suppose d*x = 774 + 181. Is x a prime number?
True
Let w = 64 + -27. Is w a prime number?
True
Let i(p) = p**2 + 4*p + 4. Let c be i(-4). Suppose 0 = l + 3*t - 17 - 9, t + 91 = c*l. Is l a composite number?
False
Suppose -3*y = 3*v - 246, -y + 167 = 2*v + 2*y. Is v prime?
True
Suppose -34 = -3*c - 2*k - 0*k, c - 5*k = 0. Let o(j) = -j**3 + 9*j**2 + 11*j - 8. Let p be o(c). Is 2*-1 + p + 34 composite?
True
Is (-2 - 18130/(-21)) + 2/3 composite?
True
Let m(b) = 23*b**2 - 4*b - 17. Is m(6) a prime number?
True
Let y = -574 + 1166. Suppose -2*o + 3*x = x - 580, -2*o - 2*x + y = 0. Is o a prime number?
True
Suppose -10*v = -8*v - 1502. Is v composite?
False
Let t(f) = -92*f - 1. Is t(-1) composite?
True
Let c be (3 + -1 - -176)/(-2). Let f = c + 156. Is f prime?
True
Suppose 3*x - 1048 = 371. Is x a composite number?
True
Let l(v) = 3*v - 7. Let z(n) = 16*n - 34. Let u(x) = -11*l(x) + 2*z(x). Let h be u(5). Suppose 0 = -3*f + 2*j + 221, -5*j = h*f - 83 - 181. Is f composite?
False
Let g = 35 - -54. Is g a composite number?
False
Suppose 4*k + 14 = -3*v, -k = v - 2*v. Let b be ((-1)/v)/((-1)/66). Let g = -14 - b. Is g composite?
False
Let u(i) be the second derivative of i**4/12 + 2*i**3/3 - 5*i**2/2 - 3*i. Is u(-6) a composite number?
False
Let a = 424 - 161. Is a a prime number?
True
Suppose -20 = 3*r - 4*g, -3*g - 2 + 17 = 0. Let x(n) = 4*n**3 + 77 + 2*n**3 - n - 6*n**2 - 5*n**3 + 5*n**2. Is x(r) a prime number?
False
Suppose 5*o - 9 = 2*z, o - 2*z = -z. Suppose 0 = -3*m + 3*f - 6*f + 12, -o*m + 2*f = -12. Suppose 204 + 8 = m*b. Is b composite?
False
Suppose -2404 = 2*p - 7*p + 3*k, -3*k - 9 = 0. Is p a composite number?
False
Let h(t) be the third derivative of -t**6/60 + t**5/20 - t**4/12 + t**3/6 + 2*t**2. Is h(-4) prime?
False
Suppose 0 = 4*f - 2*t + 6 - 34, 0 = 3*f - t - 21. Suppose -2*z + f*z - 747 = 2*c, 2*c = z - 151. Is z a composite number?
False
Suppose -1141 = -3*k - v, 8*v + 359 = k + 3*v. Is k prime?
True
Let w(t) = 3*t + 9. Let z be w(-6). Let h = -5 - z. Suppose -h*d + 2 = -10. Is d composite?
False
Suppose 5 = -m - 1. Let x(h) be the second derivative of h**5/20 + 3*h**4/4 + 7*h**3/6 + h**2/2 + 4*h. Is x(m) a prime number?
True
Let r(p) = -p - 1. Let j be r(9). Is (35/j)/((-1)/178) a prime number?
False
Suppose -2*m = 5*f + 74 - 565, 0 = -5*f + 4*m + 473. Is f a composite number?
False
Is 2/(-8) - (-18369)/52 a composite number?
False
Is (5924*1)/(-12 - -14) composite?
True
Let a(q) = -19 + 10*q**2 + 7 + 5. Is a(3) composite?
False
Suppose -4 - 1 = -5*b + 5*l, 0 = 2*b - 4*l + 4. Suppose 1047 + 1909 = b*o. Is o prime?
True
Suppose -3*a + 423 = -0*a. Is a a composite number?
True
Suppose 433 = -r - 21. Let x = -107 - r. Is x a prime number?
True
Let n = -74 + 118. Let g = 18 + n. Is g prime?
False
Suppose 2*j - 291 = -j. Is j a prime number?
True
Suppose 3*y = 5*j + 9, 4*y - 6*y + 6 = -3*j. Suppose -5*q - y*g + 2 = -104, -4 = -2*g. Let f = q - 7. Is f a prime number?
True
Let m be 26/39 + 16/(-6). Is ((-2)/(-2))/(m/(-14)) a composite number?
False
Let a = -1686 - -3047. Is a a composite number?
False
Let w = -337 + 1136. Is w a prime number?
False
Let j be 2 - 0 - (0 + 0). Suppose 2*w - 2 = j. Suppose -x + 15